mmon divisor of 708775 and 1425.
25
What is the highest common divisor of 208 and 111664304?
16
Calculate the greatest common factor of 4741386 and 19758.
534
What is the highest common factor of 214333 and 6906641?
3199
Calculate the greatest common divisor of 30756 and 65538.
66
What is the highest common factor of 115 and 9331307?
23
Calculate the greatest common factor of 10205 and 442845.
65
Calculate the highest common divisor of 111351358 and 145.
29
What is the highest common factor of 352 and 1654800?
16
Calculate the greatest common divisor of 2748384 and 550313.
3181
What is the greatest common factor of 86936142 and 232?
58
What is the greatest common divisor of 217771222 and 3202?
3202
Calculate the highest common divisor of 19152 and 405916.
532
What is the greatest common factor of 258389423 and 6133?
6133
Calculate the greatest common factor of 1311 and 1245657.
69
What is the greatest common factor of 2592594 and 72406?
82
What is the highest common divisor of 212 and 66727742?
106
What is the highest common divisor of 210516 and 144796?
212
Calculate the highest common factor of 22 and 51494839.
11
Calculate the greatest common divisor of 3072 and 5469648.
48
Calculate the highest common divisor of 587830 and 19797709.
2027
Calculate the highest common divisor of 17095714 and 2.
2
Calculate the greatest common factor of 1666 and 1247148.
98
Calculate the greatest common factor of 76001 and 781.
1
What is the highest common factor of 9363333 and 78337?
4123
What is the greatest common factor of 455390 and 224130?
310
Calculate the highest common factor of 22838 and 37344938.
1202
What is the highest common divisor of 1850700 and 8990?
310
What is the greatest common factor of 84 and 240960?
12
Calculate the greatest common divisor of 76874 and 1737740.
646
Calculate the greatest common divisor of 7534087 and 759.
253
Calculate the highest common divisor of 57 and 788787926.
19
Calculate the highest common divisor of 194 and 4156144.
2
Calculate the greatest common factor of 29295 and 56987145.
4185
Calculate the highest common factor of 7761710 and 7790.
410
What is the highest common factor of 900 and 10076900?
100
Calculate the highest common divisor of 390250 and 77210.
70
What is the greatest common factor of 927 and 14130?
9
What is the greatest common factor of 84296352 and 5600?
224
Calculate the highest common divisor of 116 and 39232708.
116
What is the greatest common divisor of 8 and 14863064?
8
Calculate the highest common factor of 260313 and 2631.
3
What is the greatest common factor of 1666281 and 117645?
2139
What is the greatest common factor of 1599985 and 1988?
71
Calculate the highest common factor of 3704 and 7058435.
463
Calculate the highest common factor of 2295360 and 176.
16
What is the greatest common divisor of 56873663 and 2156?
539
What is the greatest common factor of 77285 and 18523895?
1885
What is the greatest common divisor of 4488 and 10670968?
1496
Calculate the highest common factor of 13 and 74967698.
13
What is the highest common factor of 1726460 and 310?
10
Calculate the greatest common divisor of 22081 and 672583.
71
Calculate the greatest common factor of 496 and 127240988.
124
What is the highest common factor of 4805 and 1598515?
155
What is the highest common divisor of 160321764 and 211052?
11108
What is the greatest common divisor of 26 and 11510681?
13
What is the greatest common factor of 16046 and 51189?
113
Calculate the greatest common divisor of 4843270 and 30.
10
What is the greatest common divisor of 10096 and 209936?
16
Calculate the greatest common factor of 30 and 107184115.
5
What is the highest common divisor of 11380 and 38600?
20
Calculate the highest common divisor of 374 and 14798942.
34
Calculate the highest common divisor of 275440 and 59440.
80
Calculate the greatest common factor of 5534469 and 64107.
153
Calculate the highest common divisor of 170943 and 101966.
2999
What is the greatest common divisor of 580075 and 8?
1
Calculate the greatest common divisor of 176904 and 5132673.
2457
Calculate the highest common divisor of 45592 and 36557.
139
Calculate the highest common divisor of 11063 and 3965660.
851
What is the greatest common divisor of 2923 and 42658894?
79
What is the highest common factor of 45088513 and 332819?
5641
What is the highest common divisor of 50337 and 2192715?
63
What is the greatest common divisor of 972 and 1227816?
36
What is the highest common factor of 8844 and 2217633?
2211
Calculate the greatest common divisor of 2190496 and 52283.
539
What is the greatest common divisor of 12717 and 807651?
81
What is the greatest common factor of 6142064 and 368?
16
What is the greatest common divisor of 533 and 32105255?
533
What is the greatest common divisor of 38218458 and 1964?
982
What is the greatest common factor of 398483 and 1181090?
83
Calculate the highest common divisor of 903 and 20737773.
21
Calculate the highest common factor of 16758 and 291498.
114
Calculate the greatest common factor of 72 and 87512856.
24
What is the greatest common factor of 32670786 and 12204?
678
What is the greatest common divisor of 86072965 and 66341?
1793
What is the greatest common divisor of 76323 and 1917654?
309
Calculate the highest common divisor of 23479885 and 715.
715
What is the greatest common divisor of 336 and 1401852?
12
Calculate the highest common divisor of 124016 and 533471.
337
Calculate the greatest common factor of 318794 and 51548.
98
Calculate the highest common divisor of 418 and 1473076.
22
What is the highest common factor of 98045600 and 800?
800
Calculate the greatest common divisor of 160884015 and 7403.
673
Calculate the highest common factor of 74840 and 640.
40
What is the greatest common divisor of 210 and 6737880?
30
What is the greatest common factor of 3781977 and 42891?
2523
Calculate the highest common divisor of 490768 and 555592.
296
What is the highest common factor of 23829 and 2165619?
141
Calculate the greatest common factor of 35723 and 8923105.
139
What is the greatest common divisor of 10022082 and 11237?
661
What is the greatest common factor of 46587 and 249929?
293
What is the highest common divisor of 157263 and 1475445?
1767
Calculate the highest common factor of 2493778 and 9.
1
Calculate the highest common divisor of 21255455 and 7085.
65
What is the greatest common divisor of 180467 and 2127377?
889
Calculate the greatest common divisor of 32 and 292442704.
16
Calculate the greatest common divisor of 11 and 75355247.
11
Calculate the highest common factor of 30496 and 75287.
953
What is the greatest common divisor of 96054333 and 303?
303
What is the greatest common divisor of 102483 and 876606?
579
Calculate the greatest common factor of 819 and 128856.
273
What is the greatest common factor of 377 and 1589887?
13
Calculate the highest common factor of 73381 and 897726.
953
Calculate the highest common divisor of 57011148 and 972.
108
Calculate the greatest common factor of 495 and 67464315.
45
What is the greatest common factor of 806765 and 608640?
1585
What is the highest common divisor of 48666743 and 1067?
97
What is the greatest common factor of 19103912 and 7720?
1544
What is the greatest common factor of 154620 and 69210?
90
Calculate the greatest common factor of 240299 and 696177.
103
Calculate the highest common divisor of 1113629 and 66033.
319
What is the greatest common divisor of 315 and 11031690?
15
What is the highest common factor of 30 and 15825210?
30
What is the greatest common factor of 1376452 and 43491?
763
Calculate the greatest common factor of 573535 and 2202740.
2285
Calculate the highest common factor of 1236 and 52014.
6
What is the greatest common factor of 4081 and 749155?
583
What is the greatest common factor of 470 and 53400?
10
What is the highest common factor of 47 and 68899?
1
Calculate the highest common factor of 297800 and 97700.
100
Calculate the greatest common factor of 2768504 and 14671.
863
What is the greatest common factor of 1564 and 1016328?
68
Calculate the highest common factor of 3318 and 1024086.
42
What is the greatest common divisor of 9181575 and 30?
15
Calculate the highest common divisor of 1166 and 73708902.
106
What is the hig